te the remainder when 102 is divided by 22 + -3 + 4 + (-1 - 1).
18
What is the remainder when (12/14)/((-2)/(-42)) is divided by 11?
7
Suppose -9 - 15 = -2*k. What is the remainder when (-17 + 47)/((-4)/(-6)) is divided by k?
9
Let p = -3 + 15. What is the remainder when 46 is divided by p?
10
Suppose 2*v - 18 = -2*a, -2*v + 0*v + 2 = -2*a. Suppose 3*b = 110 - v. Calculate the remainder when b is divided by 19.
16
Suppose -2*m = 2*m - s - 183, 0 = -4*m + 5*s + 163. Suppose 4*n - 3*a - 173 + 4 = 0, -n = 4*a - m. What is the remainder when n is divided by 11?
10
Suppose 4*l + 9 = -5*d, -3*l - 3*d = -5*d - 22. Let w be (-2)/(1 - -3)*l. What is the remainder when 2 is divided by (-3 - w)*1/(-1)?
0
Suppose -4*x = 4*n - 248, x - n - n - 50 = 0. Suppose 4*f - x = -2. Calculate the remainder when 53 is divided by f.
11
What is the remainder when 35 is divided by -2 - (-12)/(2 + -1)?
5
Let z(i) = 2*i - 1. What is the remainder when 49 is divided by z(7)?
10
Suppose -2*o - 3*o + 71 = -2*q, -20 = -2*o + 5*q. Calculate the remainder when 74 is divided by o.
14
Let k(j) = 12*j**2 - 4*j - 4. Let c = 5 + -7. Suppose 0 = b + 2*b - 54. What is the remainder when k(c) is divided by b?
16
Let d be (-49)/2*-2 - 2. Suppose 0 = 3*g - 25 - d. Suppose -4*v = 4*x - g, 3 = 3*x + 12. Calculate the remainder when 15 is divided by v.
6
Let q = 4 + 31. Suppose q = -2*z + 3*z. What is the remainder when z is divided by 9?
8
Suppose 0 = -x + 6*x - 100. Calculate the remainder when x is divided by (-333)/(-45) - (7/5 - 1).
6
Let t(q) = 2*q**2 - 3*q - 3. Suppose 2*y - 3*y + 3 = 0. Let o be t(y). Suppose -2*g + o = g. Calculate the remainder when 5 is divided by g.
1
Let a = 28 - 12. Calculate the remainder when 55 is divided by a.
7
Let r(n) = -n**2 - 3*n - 1. Let f be r(-3). What is the remainder when (f - -22)*(-4)/(-3) is divided by 15/(-4)*(-12)/3?
13
Suppose -2*d = 3*d - 1760. Let m be 1*-3 - (-21)/3. Calculate the remainder when d/20 + m/10 is divided by 10.
8
Suppose -2*i + 16 = -i. Suppose -4*j + 12 + 20 = -2*t, 0 = 4*t - 5*j + 61. Calculate the remainder when (t - -2)/((-2)/5) is divided by i.
14
Let v(c) = -c**2 + c + 8. Suppose i = -4*b - 5 + 30, -4*i - 2*b = -86. What is the remainder when i is divided by v(0)?
5
Let s(z) = -6*z - 6. Let r be s(-6). Suppose -r = -2*t - 3*t. Suppose 2*p + 5*n + 45 = 7*p, 2*p - 18 = 4*n. What is the remainder when p is divided by t?
3
Suppose 16 = -4*z + 2*i, z + 4*i - 2 = 3*z. Let p = 8 - z. Calculate the remainder when p is divided by 7.
6
Let g be -2 - (-2 - 30/(-2)). Let s = 31 + g. Calculate the remainder when s is divided by 9.
7
Calculate the remainder when (2/6)/(1/249)*1 is divided by 22.
17
Let k(s) = 2*s + 5. Let v be k(-4). Calculate the remainder when (v + 6/3)*-7 is divided by 3.
1
Suppose -a = -3*a - w + 20, 3*w - 36 = -3*a. Suppose 4*c - 140 = a. What is the remainder when c is divided by 13?
11
Suppose -5*i = -10*i + 290. What is the remainder when i is divided by 15?
13
Calculate the remainder when 53 is divided by ((-5)/3)/5*-15.
3
Suppose -3*t = -4 - 23. Suppose 38 + 347 = 11*l. Calculate the remainder when l is divided by t.
8
Let j = 23 - 13. Suppose 0 = -3*m + 8*m + j. Let r = 4 + m. Calculate the remainder when 2 is divided by r.
0
Suppose 0*s - 2*s - 5*m = 0, -5*s + 3*m = -31. What is the remainder when s is divided by 2?
1
Let z = 274 - 147. What is the remainder when z is divided by 13?
10
Let t(b) = -b**3 - 5*b**2 - 5*b + 3. What is the remainder when t(-6) is divided by 18?
15
Let g = -4 - -4. Suppose g = 3*a - 20 + 107. Let y = -21 - a. Calculate the remainder when 15 is divided by y.
7
Let l = 48 + -11. Let w be 4/(-5)*(-9 + 4). Calculate the remainder when l is divided by 3 + -1*w - -14.
11
Let l = 13 - 8. Suppose -9 = -3*f - 24. What is the remainder when (-94)/(-10) + 2/f is divided by l?
4
Suppose -3*h + f + 77 = -27, -3*h = 3*f - 84. What is the remainder when 126 is divided by h?
27
Let x(i) = i**3 - 4*i**2 + 2. Let h be x(4). Suppose 0 = -0*y + h*y + 6. Calculate the remainder when 39 + y + -2 + 3 is divided by 19.
18
Let h = -59 + 73. What is the remainder when h is divided by 9?
5
Let i = 48 + -35. What is the remainder when 1*3*98/6 is divided by i?
10
Let c = 6 + -2. Suppose 94 = c*y - 34. Calculate the remainder when y is divided by 11.
10
Let t(n) = 2*n - 1. Let s(r) = -r**3 + 7*r**2 - 7*r + 8. Let q be s(6). Let c be 1*2 + q/2. What is the remainder when 8 is divided by t(c)?
3
Suppose 8*f + 4 = 108. Let l(k) = k**2 + 50. What is the remainder when l(0) is divided by f?
11
Let q be (-1)/(3/6) - -2. Suppose q = 3*r + r - 4*a - 60, -r + 2*a + 14 = 0. What is the remainder when 46 is divided by r?
14
Let u = 1 - 8. Calculate the remainder when (5 - 1)/((-2)/u) is divided by 5.
4
Suppose 3*x - 120 = -0*x. Suppose i + 3*i = 0. Suppose -17 - 62 = -5*o - 3*m, 5*o - 5*m - 55 = i. Calculate the remainder when x is divided by o.
12
Let a(l) = -1 + 12 - l + 0 + 0. Calculate the remainder when 86 is divided by a(-11).
20
Let f(l) = 3*l**2 + 0 - 4*l**2 - 4*l + 4 + l. Let t = 4 + 2. What is the remainder when t is divided by f(-3)?
2
What is the remainder when 679/21 - (-2)/6*2 is divided by 12?
9
Calculate the remainder when 40 is divided by ((-28)/5)/(2/(-5)).
12
Suppose u + 3 = -4*z, -2*z + 2*u + 9 = -u. Suppose p = -g + 24, 2*g = 4*p - z*g - 126. Calculate the remainder when p is divided by 15.
14
Suppose -2*j - 2*j + p + 9 = 0, 2*p = 4*j - 10. What is the remainder when (-13)/(-26) - (-85)/j is divided by 11?
10
Let k(u) = u**2 + 20*u + 41. Calculate the remainder when k(-19) is divided by (0 + 1)*(-1 - -7).
4
Let r(x) = x**3 - 6*x**2 + 3*x - 9. Suppose 0 = -0*n - 2*n + 12. What is the remainder when r(n) is divided by 5?
4
Let q = 6 - 1. Suppose -5*h + 2*p + 80 = 4*p, p = -q. Calculate the remainder when h is divided by 10.
8
Let r be (-2)/(-4) - (-9)/(-2). Let z = r - -3. Let p = z + 2. Calculate the remainder when 1 is divided by p.
0
Let q = 46 + -6. Calculate the remainder when 157 is divided by q.
37
Suppose -2*p - 2*x + 13 = 3*p, 2*p - x = 7. Suppose -2*v + p*v = -2*n + 9, 4*v - 12 = 0. Suppose 4*f - 49 = n. What is the remainder when f is divided by 5?
3
Suppose 36 = -a - 3*a. Let x = 17 + a. Suppose 0 = g - 2 - 13. Calculate the remainder when g is divided by x.
7
Suppose 88 = 16*i + 8. What is the remainder when 7 is divided by i?
2
Suppose 12 = 3*q + 3*t, 5*q + t = -0*t + 16. Suppose q*c = -2*k + 10 - 3, -5*k = -c - 9. Calculate the remainder when c is divided by 1.
0
Let l(o) = 5*o**3 - 5*o**2 + 2*o - 9. Let t(i) = i**3 - i**2 - 1. Let z(u) = -l(u) + 6*t(u). What is the remainder when (-17 - -5)*2/(-6) is divided by z(2)?
1
Suppose -t + 4 = -7. Let w = 20 - t. Suppose -4*p + 105 = 3*q, q + 2*q - 3*p - 105 = 0. Calculate the remainder when q is divided by w.
8
Let x(z) = z**2 + 18*z - 26. What is the remainder when 54 is divided by x(-20)?
12
Let m = 40 + -24. Suppose -5*i + 1 = -p + 12, -5*p - 2*i = -1. Let u = 7 - p. What is the remainder when m is divided by u?
4
Suppose 4*u = 221 - 45. Suppose -u = 13*v - 17*v. Calculate the remainder when 30 is divided by v.
8
Suppose -113 = -n - 2*u, -4*n + 472 = -0*u + 4*u. What is the remainder when n is divided by 25?
23
Let z = 1 - -3. What is the remainder when z is divided by 2?
0
Suppose -107 = -4*q + 5*p, 0 = q + 2*q - 2*p - 82. Let h = q + -11. Calculate the remainder when 65 is divided by h.
14
Let f(g) = -g**3 + 8*g**2 - 8*g + 7. Let o be f(7). Suppose o = -5*m + m + 88. What is the remainder when 85 is divided by m?
19
Let c = -177 - -70. Let b be c/(-7) - (-2)/(-7). Let u = b + 26. Calculate the remainder when u is divided by 14.
13
Let i = -9 + 9. Suppose 4*a - 100 + 4 = i. Calculate the remainder when 71 is divided by a.
23
Let b(t) = t**2 - 5*t - 7. Calculate the remainder when b(7) is divided by (-48)/(-12)*(-1 - 0)*-1.
3
What is the remainder when ((-10)/15)/(2/(-132)) is divided by 9?
8
Suppose -3*q + 7 - 1 = 0. Suppose -j = -4 - q. Let l = 3 + j. Calculate the remainder when 17 is divided by l.
8
Suppose 93*u - 80 = 88*u. Let f(r) = 7*r**2 + r + 1. What is the remainder when f(2) is divided by u?
15
Suppose 0 = 2*c - 8, 0 = 4*t + 4*c + 14 - 78. What is the remainder when 23 is divided by t?
11
Suppose 0*f = 4*d - 2*f - 14, 